vided by 5?
2
Suppose 398*y - 399*y + 7359 = -5*g, 2*g = 2*y - 14790. What is the remainder when y is divided by 322?
320
Let j be 2 + (-12)/3 + -1 + -339. Let v = j + 412. What is the remainder when 269 is divided by v?
59
Suppose 0*z - 13750 = -2*z. Calculate the remainder when z is divided by 19.
16
Suppose 3*h + 0*b + 3*b + 204 = 0, 5*b = -h - 84. Let z = 217 + h. What is the remainder when z is divided by 39?
36
Let r = -24 + 24. Suppose r*w + 2*w + l - 11 = 0, 2*l - 7 = -w. What is the remainder when 30 is divided by w?
0
Let v = 144 + -71. Suppose -v - 87 = -4*c. Suppose -4*b + 0*a + 19 = -a, 4*a + 4 = 4*b. What is the remainder when c is divided by b?
4
Let s = 29 + -5. Suppose w - 12 = 4*a, 6*a - 24 = -4*w + 2*w. What is the remainder when 238 is divided by (s/10)/(w/240)?
46
Let a(y) = y**3 - 195*y**2 + 209*y - 2714. Calculate the remainder when 363 is divided by a(194).
167
Let a(y) = 4*y**3 - 71*y**2 - 16*y + 29. Calculate the remainder when 372 is divided by a(18).
47
Calculate the remainder when 150 + 1640 - -6*3 is divided by 182.
170
Let s = 341 - 347. What is the remainder when 79 is divided by (10 - 3 - (s - -3))/2?
4
Let k = -316 - -343. Suppose -1424 = -k*s - 263. Calculate the remainder when 211 is divided by s.
39
Let r = 1391 + -1380. What is the remainder when 3944 is divided by r?
6
Let y(j) = 4*j**2 + 47*j + 31. Let p be y(-19). Suppose -p = 55*x - 61*x. Calculate the remainder when x is divided by 14.
13
Let g(v) be the third derivative of v**6/120 - v**4/12 - 5*v**3/6 + 10*v**2 + v. Calculate the remainder when 195 is divided by g(4).
42
Let r = -2882 - -3385. What is the remainder when r is divided by 85?
78
Let t(g) = -3 + 8*g + 0*g**2 + g**2 - 19 + 7. Let w be t(-7). Let u = w - -87. What is the remainder when u is divided by 11?
10
Let a(n) be the first derivative of 7*n**2/2 - 20*n - 392. Let q(m) = m**3 + 7*m**2 - m - 2. Let k be q(-7). What is the remainder when 178 is divided by a(k)?
13
Let g = 615 - 433. What is the remainder when g is divided by (148/10)/(9*14/315)?
34
Let m(w) = 199*w + 2787. Calculate the remainder when m(0) is divided by 93.
90
Let o(l) = 46*l**2 - 6*l - 11. Let m(f) = -94*f**2 + 14*f + 23. Let c(y) = 6*m(y) + 13*o(y). What is the remainder when c(3) is divided by 32?
31
Let j(x) = -x**3 - 20*x**2 + 20*x - 14. Let p be j(-21). Calculate the remainder when 7 is divided by (-3 - (-260)/35) + (-3)/p.
3
Suppose -4*i - 15 = -5*v - 3, 15 = -3*v - 5*i. What is the remainder when (-355)/(-5) + v + -6 is divided by 17?
14
Let a = 450 - 263. Let d = -145 + a. Calculate the remainder when d is divided by (2 - 1) + 3 + 21.
17
Suppose -464*b = -230*b - 257*b + 2001. Calculate the remainder when 260 is divided by b.
86
Suppose 0 = 3*y + 12, 2*r - 3*y = -0*r + 272. Let c = r - 126. What is the remainder when 54 is divided by c?
2
Suppose 51 = 4*d + 339. Calculate the remainder when ((-391)/68)/(((-14)/d)/(-7)) is divided by 13.
12
Let j(g) = -g**2 - 6*g + 4. Let l(w) = w**2 - 7*w - 1. Let k be l(2). Let s = -16 - k. What is the remainder when 98 is divided by j(s)?
8
Calculate the remainder when ((-26768 + 2)/3)/(-14) + 18/(-63) is divided by 5.
2
Let n(q) = -q**3 + 111*q**2 - 116*q + 664. What is the remainder when 361 is divided by n(110)?
1
Suppose -10 = 4*t + 2. Suppose -181*p = -183*p - 14. What is the remainder when (p/(-3) - 2)/(t/(-234)) is divided by 4?
2
Let w(k) = k**3 + 7*k**2 - 2*k + 2. Suppose -5*m + 280 + 265 = 3*f, 2*m - 2*f - 218 = 0. Calculate the remainder when m is divided by w(-7).
13
Let d = 1126 + -1098. Calculate the remainder when 3190 is divided by d.
26
Suppose 3*z + 184 = 5*f, 21*z - 24*z + 196 = 5*f. What is the remainder when 3643 is divided by f?
33
Let b(m) = m**3 + 7*m**2 + 25*m + 419. What is the remainder when 2188 is divided by b(-9)?
12
Let u be (-3)/21*(6 + -6). Suppose -3*p = -2*m - 655, 2*p + m = -u*m + 425. What is the remainder when p is divided by 110?
105
Let c = -24183 - -24292. Calculate the remainder when c is divided by 68.
41
Let p(d) = 6*d**2 - 4*d + 3. Let o(n) = -481*n + 4352. What is the remainder when p(3) is divided by o(9)?
22
Let i = 53 + 109. Suppose -7*h - i = -13*h. Calculate the remainder when 77 is divided by h.
23
Calculate the remainder when ((-27)/12)/(-9) + (-339)/(-4) + 4 is divided by 46.
43
Let a = -277 - -315. What is the remainder when a is divided by 29?
9
Let s(l) = 2*l + 1. Let r be s(3). Suppose 28*x - 29*x - 92 = -3*d, -5*x - 10 = 0. Suppose -z = -d + r. What is the remainder when 68 is divided by z?
22
Suppose 43*q - 42524 - 1114 = -1111. What is the remainder when q is divided by 328?
5
Let n be 80/(-24)*6/(-4). Suppose n*l = 3*r - 254, -5*l = 4*r - 3*l - 304. What is the remainder when r is divided by ((-864)/(-48))/(0 - (-2)/3)?
24
Let m(t) = 5*t**3 - 239*t**2 - 47*t + 95. Calculate the remainder when 4431 is divided by m(48).
141
Suppose -547*d + 5*v = -550*d + 1787, 0 = -3*v + 12. What is the remainder when d is divided by 59?
58
Suppose -4*u + 21 = -47. Let v(z) = -z**3 + 4*z**2 + 5. Let f be v(4). Suppose g = -2, -f*g + 50 = -3*r + 357. What is the remainder when r is divided by u?
14
Suppose 8*h = 5*h + 6, -5*h = 2*j - 16. What is the remainder when 254 is divided by -1 + j + (-267)/(-3)?
72
Let z = 218 - 55. Suppose 0 = -3*d - z + 853. What is the remainder when d is divided by 78?
74
Let l(n) = 171*n + 875. What is the remainder when 456 is divided by l(-5)?
16
Suppose 0 = -2*c - 1 + 31. What is the remainder when (-48)/((-3312)/23) + (0 - (-2060)/3) is divided by c?
12
Suppose 89709 = 43*m - 109619 - 302525. Calculate the remainder when m is divided by 84.
79
Let o = 216 + -315. Let k = 124 + o. Calculate the remainder when 99 is divided by k.
24
Let y(c) = 15*c**3 + 718*c**2 - 99*c - 96. What is the remainder when 444 is divided by y(-48)?
12
Let r(l) = 974*l - 12470. What is the remainder when 9976 is divided by r(13)?
184
Suppose -81 = -43*r + 42*r. Let h = -137 - -154. What is the remainder when r is divided by h?
13
What is the remainder when 304 is divided by (-88)/88 - 2*1 - (-1 + -96)?
22
Suppose -w - 15 + 80 = 0. Let d = -289 + 560. Calculate the remainder when d is divided by (-4 + 13)*w/15.
37
Suppose -3*v + 36*d - 31*d = -71, -2*d = -5*v + 169. What is the remainder when 2990 is divided by v?
30
Suppose -16*g + 5489 + 9759 = 0. Calculate the remainder when g is divided by 159.
158
Suppose 19*d - 229 = 2906. Calculate the remainder when 386 is divided by d.
56
Let n(p) = 27*p**2 + 42*p. What is the remainder when 670 is divided by n(-2)?
22
Suppose 0 = f - 2*x - 21, -f = f + x - 67. Suppose -5*p - 2*l + 4*l = -12, 2*p - 9 = 5*l. Calculate the remainder when f is divided by (p/(-9)*-6)/(13/156).
15
Suppose 0 = -4*x + 2*s + 456, 51*s - 47*s + 246 = 2*x. What is the remainder when 1548 is divided by x?
105
Let g = 181 - 125. Suppose -150*h + 32266 = 7216. Calculate the remainder when h is divided by g.
55
Calculate the remainder when 608 is divided by 24/(-84)*1316/(-8).
44
Suppose 0 = 2*z - z - 15. Let o(g) = 13*g**2 + 12*g + 20. Calculate the remainder when o(-3) is divided by z.
11
Suppose 6*b = 2*b - i + 72, 0 = -i + 4. Calculate the remainder when (-362)/(-8) + -1 - ((-18815)/(-284) + -67) is divided by b.
11
Suppose 3*l + 64 = 5*o, -4*o + 11*l - 9*l + 52 = 0. Calculate the remainder when (61/3 + -2)*3 is divided by o.
13
Suppose -49 - 46 = -19*w. Suppose 0 = -3*s - u + 734, -w*s - 588 + 1810 = u. What is the remainder when s is divided by 84?
76
Suppose -2*q - 205 = -5*x - 10, 2*x = q + 78. Let k = x + -55. Let l = 42 + k. Calculate the remainder when l is divided by 9.
8
Let l(y) be the second derivative of -119*y**3/6 + 7*y**2/2 - 71*y. What is the remainder when l(-2) is divided by 41?
40
Suppose r + 11667 = 4*q, -4*r - 8747 = 16*q - 19*q. Calculate the remainder when q is divided by 727.
9
Suppose -179 = 3*f + d - 427, 5*f + 4*d - 411 = 0. Calculate the remainder when 5642 is divided by f.
81
Suppose 3*u + 45 = x, u + 49 = -4*x + 190. Suppose -241*d - x = -242*d. What is the remainder when 249 is divided by d?
33
Let x = 9 - 4. What is the remainder when ((-2 - (-7 - 1)) + -1)*x is divided by 7?
4
Suppose -1420 + 1513 = 5*b - 4*b. What is the remainder when 579 is divided by b?
21
Suppose 3*